4
Suppose -12*j = -28*j + 13184. What is the remainder when j is divided by 46?
42
Let t(i) = i**3 - 6*i**2 - 6*i - 5. Let o be t(7). Let j(u) = 2*u**2 + 4*u - 3. What is the remainder when (-3)/(-5) - 5580/(-75) is divided by j(o)?
10
Suppose 3*p = 16 - 4. Suppose p*c = c + 15, 5*z + 80 = 5*c. Let i = z + 31. Calculate the remainder when i is divided by 7.
6
Suppose -18*p - 14*p + 1056 = 0. What is the remainder when 5 + (7 - 17) + p is divided by 10?
8
Let o(d) = d**3 - d**2 + 2*d - 9. Let m be o(0). Calculate the remainder when m - ((-4 - -5) + -38) is divided by 20.
8
Suppose -x + 3*l + 96 = 0, -2*l - 374 = -4*x - 0*l. Calculate the remainder when x is divided by 30/15 - 28/(-2).
13
Let n(t) = -5*t + 84. Suppose -18*o + 17*o = 2*f - 23, 2*f = -3*o + 21. What is the remainder when -57*(2 - (-22)/(-6)) is divided by n(f)?
23
Let k be (-2)/4*(2 + -2). Let f = 939 + -731. Suppose -653 = -4*u - 5*d - 252, -2*u - 4*d + f = k. What is the remainder when u is divided by 20?
14
Let c = 4596 + -4549. Calculate the remainder when 530 is divided by c.
13
Let d(w) be the first derivative of w**4/4 - 4*w**3/3 - 3*w**2/2 - w + 52. What is the remainder when 10 is divided by d(5)?
1
Suppose -103690 + 196104 + 345730 = 163*l. Calculate the remainder when l is divided by 40.
8
Let p = 18874 + -18773. Calculate the remainder when 455 is divided by p.
51
Suppose -15 - 3 = 3*h. Let r(x) = 46 - 63 + 19 - 2*x. Calculate the remainder when 37 is divided by r(h).
9
Let b(j) = j**2 - 15*j - 13. Let p = -31 - -52. Calculate the remainder when b(p) is divided by 30.
23
Let n(d) = d**3 - 5*d**2 + 2*d + 2. Suppose 5*a = 5*w - 1472 + 2217, -547 = -4*a - 3*w. Calculate the remainder when a is divided by n(5).
10
Suppose 1115*v - 1288 = 1092*v. Let y = 507 - 284. What is the remainder when y is divided by v?
55
Let h(m) = m**2 - 8*m + 32. Suppose -2*z + 8*w - 5*w + 23 = 0, 4*z = -5*w + 13. Calculate the remainder when 47 is divided by h(z).
22
Let p = -475 - -471. What is the remainder when 13 is divided by 13*p*(-8)/416?
0
Let m = 16575 - 16554. What is the remainder when 43 is divided by m?
1
Suppose 4*k - 31 = 3*d, -d - 5 + 4 = k. Suppose -5*m - k*t + 98 - 30 = 0, -2*t = m - 10. Calculate the remainder when 65*(-6)/(-6) + -4 is divided by m.
13
Let j(z) = z**2 - 31*z + 314. Calculate the remainder when 2807 is divided by j(10).
103
Suppose -28*j + 3*j = 9 - 209. Calculate the remainder when 615 is divided by j.
7
Calculate the remainder when 249 is divided by ((14/((-700)/(-30)))/(-1))/(2/(-30)).
6
Let y(v) = v**3 - 50*v**2 - 87*v - 172. Calculate the remainder when y(52) is divided by 9.
1
Let g(s) = 99*s - 956. What is the remainder when g(24) is divided by 18?
16
Let n = 1001 + -550. Let y = -435 + n. What is the remainder when 27 is divided by y?
11
Let i(x) = -7*x**2 + 119*x - 87. Calculate the remainder when i(15) is divided by 14.
11
Let t be ((-6)/(-5))/(0 - 33/6490). Let l = -214 - t. What is the remainder when l is divided by 14?
8
Let k = 406 - 66. Calculate the remainder when k is divided by 119.
102
Let s be 12/15 + (-4)/5. Suppose 9*n - 21*n + 204 = s. Calculate the remainder when 43 is divided by n.
9
Let f(g) = -43*g + 750. What is the remainder when 93 is divided by f(17)?
17
Let v = 513 + -501. Let d be (-692)/(-7) + 2/14. Let n = d + -66. What is the remainder when n is divided by v?
9
Let k = -79 - -141. Suppose 4*v + 2*a - 166 = 0, v + 3*v - 3*a = 161. Suppose -810 = -v*z - 113. Calculate the remainder when k is divided by z.
11
What is the remainder when 708 is divided by 27 - (((-108)/(-6))/6 + -4)?
8
Let k(s) = -13*s. Suppose -207 = -168*p + 1305. What is the remainder when k(-1) is divided by p?
4
Let f(m) = 7*m + 121. Let t = 103 - 112. Calculate the remainder when 172 is divided by f(t).
56
Suppose -4*j - 2*q = -1030, -77 - 441 = -2*j + 2*q. Calculate the remainder when 533 is divided by j.
17
Let z = 6 - -3. Let v = 75 - 81. Calculate the remainder when 1248/20 + 1*v/15 is divided by z.
8
Suppose h - 2*h = -28. Let x(b) = -4*b**2 + 8*b - 19. Let w be x(7). Let n = -56 - w. Calculate the remainder when n is divided by h.
19
Let z(w) = -143*w - 27. Let o be z(-3). Let g = o + -352. What is the remainder when g is divided by ((-3)/(-6))/(2/68)?
16
Let h(y) = -45*y + 1309. Calculate the remainder when h(11) is divided by (-136)/32*(3 - 2 - 5).
15
Calculate the remainder when 9*((-184)/(-24) + 15) is divided by 11.
6
Let n = 363 - -277. Let s = n - 619. Calculate the remainder when 271 is divided by s.
19
Let q(y) = -y**3 + 35*y**2 - 14*y - 71. Calculate the remainder when q(23) is divided by 101.
97
Suppose 5*s = -4*n + 500, -26*n = -30*n - 45*s + 980. Suppose 4*k + 0*d + 3*d - 118 = 0, 2*k = -2*d + 58. What is the remainder when n is divided by k?
17
Suppose 12*h = -62*h + 13089 + 1933. What is the remainder when 572 is divided by h?
166
Suppose -829 = -19*l + 1356. Suppose -2*a = 3*a + 4*h - 140, -3*a = -h - 67. Calculate the remainder when l is divided by a.
19
Suppose 0 = 5*q - 4*g + 94, -5*q + 2*g = -7*q - 34. Let v(c) = c**3 + 20*c**2 + 39*c + 64. What is the remainder when 37 is divided by v(q)?
7
Calculate the remainder when (0 + 295)/(239/14579) is divided by 21.
19
Calculate the remainder when (114/(-4))/(357/(-952)) is divided by 15.
1
Suppose -2*w - 126*w + 67536 = 16*w. Calculate the remainder when w is divided by 33.
7
Suppose -658 - 27993 = -7*a. What is the remainder when a is divided by 7?
5
Let b(s) = -s**3 + 17*s**2 - 7*s - 53. Let f be b(16). Let y = 103 - f. Suppose -g = 3*v - 46, -g + 22 + 24 = 5*v. What is the remainder when g is divided by y?
10
Let y = 31 - 29. Suppose 0*k + y*k = 254. What is the remainder when k is divided by (-6)/(20/576 + (-6)/27)?
31
Let o be -3 - 4/(-2) - 10. Let a = o + 15. What is the remainder when 69 is divided by (-27)/a*(-16)/6?
15
Let j(r) = -14*r - 208. Let s(a) = 4*a + 52. Let q(w) = -4*j(w) - 18*s(w). Calculate the remainder when 95 is divided by q(-8).
23
Let p(a) = a**2 - 41*a + 6. Let o be p(41). What is the remainder when (0 - (-472)/o)*3/2 is divided by 10?
8
Suppose 756 = 3*i - 15*i. Calculate the remainder when 557 is divided by (-4396)/i - (-6)/27.
67
Suppose 335*q - 336*q - 215 + 1116 = 0. Calculate the remainder when 1806 is divided by q.
4
Let o = -4905 - -4934. What is the remainder when 115 is divided by o?
28
Let v be 2/3*9*6/9. Suppose y - v = -0, -2*f + 238 = -y. Calculate the remainder when f is divided by 69.
52
Let t = -248 + 256. Let m(o) = -3 + 8*o - 10 + 0 + 8*o. Calculate the remainder when m(t) is divided by 29.
28
Let j(g) = 9*g - 72. What is the remainder when 140 is divided by j(9)?
5
Suppose 0 = -5*h, 5*h + 144 = 4*d - 316. Let m = -110 + d. Suppose -120 = -m*j - 0. Calculate the remainder when 42 is divided by j.
18
What is the remainder when 37 is divided by (-6)/(-22) - ((-55620)/(-165))/(-18)?
18
What is the remainder when 8059 is divided by ((-210)/(-175))/(0 - (-6)/225) - -7?
51
Let h = 1159 - 485. Suppose f - h = -658. What is the remainder when f is divided by 5?
1
Let k(a) = a**3 + a**2 - a + 58. Let r be k(-7). Let t = r + 246. Calculate the remainder when t is divided by 5.
2
Suppose -65*j = 57*j - 152*j + 2460. Calculate the remainder when 816 is divided by j.
78
Let a = 267 - 262. Suppose -128 = a*y - 9*y. Suppose -5*v = 20, c + 3*c - 32 = -2*v. What is the remainder when y is divided by c?
2
Suppose 4*k + h = 76, 0 = -15*k + 16*k + h - 22. Let l = 4 - 4. Suppose l = -q + 7 + 20. What is the remainder when q is divided by k?
9
Let l(x) = -3*x**3 - 9*x**2 - 28*x - 18. Calculate the remainder when l(-10) is divided by 2354.
8
Let l = -281 + 590. Suppose -4*h + 403 = -l. Calculate the remainder when h is divided by 13.
9
Calculate the remainder when 3418528/480 - (-1 + (-12)/(-20))/6 is divided by 2371.
9
Let t = -762482 - -762529. What is the remainder when (0 - -1)*(2 + 559) is divided by t?
44
Let d(j) = -7*j**2 - 120*j - 103. Let u = 0 + 2. Let h = u + 13. Calculate the remainder when d(-16) is divided by h.
10
Suppose 10 = 2*r - 2. Suppose 2*g = r*g + 264. Let k = 115 + g. Calculate the remainder when k is divided by 26.
23
Let p(m) = -22*m - 59. Calculate the remainder when 262 is divided by p(-6).
43
Calculate the remainder when 362 is div